{"id":770,"date":"2025-11-04T21:49:24","date_gmt":"2025-11-04T21:49:24","guid":{"rendered":"https:\/\/afoch.cl\/site\/lessons\/"},"modified":"2026-01-21T14:57:33","modified_gmt":"2026-01-21T14:57:33","slug":"membresia","status":"publish","type":"page","link":"https:\/\/afoch.cl\/site\/membresia\/","title":{"rendered":"Planes y Membres\u00eda"},"content":{"rendered":"\t\t<div data-elementor-type=\"wp-page\" data-elementor-id=\"770\" class=\"elementor elementor-770\">\n\t\t\t\t<div class=\"elementor-element elementor-element-9f863a2 e-con-full e-flex e-con e-parent\" data-id=\"9f863a2\" data-element_type=\"container\" data-e-type=\"container\" data-settings=\"{&quot;background_background&quot;:&quot;slideshow&quot;,&quot;background_slideshow_gallery&quot;:[{&quot;id&quot;:1142,&quot;url&quot;:&quot;https:\\\/\\\/afoch.cl\\\/site\\\/wp-content\\\/uploads\\\/2025\\\/11\\\/g4f21a169fe9e1d456c29cc7777200214f83b8427b2a924fd299f3aec02565b77d86861964e1d8a109b218441ba16c750_1280-736109.jpg&quot;},{&quot;id&quot;:1105,&quot;url&quot;:&quot;https:\\\/\\\/afoch.cl\\\/site\\\/wp-content\\\/uploads\\\/2025\\\/11\\\/gd20936126a7d941b38912a06b55985d84d8d8e45d10940591ca16ba0e91d48613c39c8b8c7b49ded368696d05451c2db7152f5f6df6e731cf48f3d82223e0bf6_1280-7726802.jpg&quot;},{&quot;id&quot;:1112,&quot;url&quot;:&quot;https:\\\/\\\/afoch.cl\\\/site\\\/wp-content\\\/uploads\\\/2025\\\/11\\\/gd4d9fc8bdb2b2bdec06c9f0eb621da891b7496ffa606e2a95e9d588d59bf4ba9f1efae9a1b5ca5023f2279c1ebe0d5c550d51c45203bb147e091ec647eedd0da_1280-3210282.jpg&quot;}],&quot;background_slideshow_loop&quot;:&quot;yes&quot;,&quot;background_slideshow_slide_duration&quot;:5000,&quot;background_slideshow_slide_transition&quot;:&quot;fade&quot;,&quot;background_slideshow_transition_duration&quot;:500}\">\n\t\t<div class=\"elementor-element elementor-element-8c0bb80 e-con-full e-flex e-con e-child\" data-id=\"8c0bb80\" data-element_type=\"container\" data-e-type=\"container\">\n\t\t\t\t<div class=\"elementor-element elementor-element-1e5c661 elementor-widget elementor-widget-icon-box\" data-id=\"1e5c661\" data-element_type=\"widget\" data-e-type=\"widget\" data-widget_type=\"icon-box.default\">\n\t\t\t\t\t\t\t<div class=\"elementor-icon-box-wrapper\">\n\n\t\t\t\n\t\t\t\t\t\t<div class=\"elementor-icon-box-content\">\n\n\t\t\t\t\t\t\t\t\t<h1 class=\"elementor-icon-box-title\">\n\t\t\t\t\t\t<span  >\n\t\t\t\t\t\t\tPlanes y Membres\u00eda\t\t\t\t\t\t<\/span>\n\t\t\t\t\t<\/h1>\n\t\t\t\t\n\t\t\t\t\n\t\t\t<\/div>\n\t\t\t\n\t\t<\/div>\n\t\t\t\t\t\t<\/div>\n\t\t\t\t<\/div>\n\t\t\t\t<\/div>\n\t\t<div class=\"elementor-element elementor-element-8e260b5 e-flex e-con-boxed e-con e-parent\" data-id=\"8e260b5\" data-element_type=\"container\" data-e-type=\"container\" data-settings=\"{&quot;background_background&quot;:&quot;classic&quot;}\">\n\t\t\t\t\t<div class=\"e-con-inner\">\n\t\t\t\t<div class=\"elementor-element elementor-element-afab710 elementor-widget elementor-widget-text-editor\" data-id=\"afab710\" data-element_type=\"widget\" data-e-type=\"widget\" data-widget_type=\"text-editor.default\">\n\t\t\t\t\t\t\t\t\t<p style=\"text-align: center;\">Todos nuestros planes te dan acceso COMPLETO a todos los beneficios: El Directorio Profesional, la Base de Conocimiento, la Comunidad privada y los descuentos en Formaci\u00f3n.<\/p>\t\t\t\t\t\t\t\t<\/div>\n\t\t\t\t\t<\/div>\n\t\t\t\t<\/div>\n\t\t<div class=\"elementor-element elementor-element-af5289a e-grid e-con-boxed e-con e-parent\" data-id=\"af5289a\" data-element_type=\"container\" data-e-type=\"container\" data-settings=\"{&quot;background_background&quot;:&quot;classic&quot;}\">\n\t\t\t\t\t<div class=\"e-con-inner\">\n\t\t<div class=\"elementor-element elementor-element-4238bcc e-flex e-con-boxed e-con e-child\" data-id=\"4238bcc\" data-element_type=\"container\" data-e-type=\"container\">\n\t\t\t\t\t<div class=\"e-con-inner\">\n\t\t\t\t<div class=\"elementor-element elementor-element-4d2e794 elementor-position-left elementor-vertical-align-middle elementor-widget elementor-widget-image-box\" data-id=\"4d2e794\" data-element_type=\"widget\" data-e-type=\"widget\" data-widget_type=\"image-box.default\">\n\t\t\t\t\t<div class=\"elementor-image-box-wrapper\"><figure class=\"elementor-image-box-img\"><img fetchpriority=\"high\" decoding=\"async\" width=\"1280\" height=\"853\" src=\"https:\/\/afoch.cl\/site\/wp-content\/uploads\/2025\/11\/gd20936126a7d941b38912a06b55985d84d8d8e45d10940591ca16ba0e91d48613c39c8b8c7b49ded368696d05451c2db7152f5f6df6e731cf48f3d82223e0bf6_1280-7726802.jpg\" class=\"attachment-full size-full wp-image-1105\" alt=\"camera, photographer, photography, profession, professional, portrait, camera, camera, camera, camera, photographer, photographer, photographer, photographer, photographer\" title=\"Planes y Membres\u00eda\" srcset=\"https:\/\/afoch.cl\/site\/wp-content\/uploads\/2025\/11\/gd20936126a7d941b38912a06b55985d84d8d8e45d10940591ca16ba0e91d48613c39c8b8c7b49ded368696d05451c2db7152f5f6df6e731cf48f3d82223e0bf6_1280-7726802.jpg 1280w, https:\/\/afoch.cl\/site\/wp-content\/uploads\/2025\/11\/gd20936126a7d941b38912a06b55985d84d8d8e45d10940591ca16ba0e91d48613c39c8b8c7b49ded368696d05451c2db7152f5f6df6e731cf48f3d82223e0bf6_1280-7726802-300x200.jpg 300w, https:\/\/afoch.cl\/site\/wp-content\/uploads\/2025\/11\/gd20936126a7d941b38912a06b55985d84d8d8e45d10940591ca16ba0e91d48613c39c8b8c7b49ded368696d05451c2db7152f5f6df6e731cf48f3d82223e0bf6_1280-7726802-1024x682.jpg 1024w, https:\/\/afoch.cl\/site\/wp-content\/uploads\/2025\/11\/gd20936126a7d941b38912a06b55985d84d8d8e45d10940591ca16ba0e91d48613c39c8b8c7b49ded368696d05451c2db7152f5f6df6e731cf48f3d82223e0bf6_1280-7726802-768x512.jpg 768w\" sizes=\"(max-width: 1280px) 100vw, 1280px\" \/><\/figure><div class=\"elementor-image-box-content\"><h6 class=\"elementor-image-box-title\">Socio Mensual - $7.500 \/ mes<\/h6><\/div><\/div>\t\t\t\t<\/div>\n\t\t\t\t<div class=\"elementor-element elementor-element-8e8e1bf elementor-widget elementor-widget-text-editor\" data-id=\"8e8e1bf\" data-element_type=\"widget\" data-e-type=\"widget\" data-widget_type=\"text-editor.default\">\n\t\t\t\t\t\t\t\t\t<ul><li>Acceso al Directorio Profesional<\/li><li>Acceso a Galer\u00eda de Clientes<\/li><li>Base de Conocimiento Completa<\/li><li>Comunidad Privada y Mentor\u00edas<\/li><li>Descuentos en Talleres<\/li><li>Flexibilidad total de pago<\/li><\/ul>\t\t\t\t\t\t\t\t<\/div>\n\t\t\t\t<div class=\"elementor-element elementor-element-d66ff49 elementor-align-center elementor-widget elementor-widget-button\" data-id=\"d66ff49\" data-element_type=\"widget\" data-e-type=\"widget\" data-widget_type=\"button.default\">\n\t\t\t\t\t\t\t\t\t\t<a class=\"elementor-button elementor-button-link elementor-size-sm\" href=\"https:\/\/afoch.cl\/socios\/\">\n\t\t\t\t\t\t<span class=\"elementor-button-content-wrapper\">\n\t\t\t\t\t\t\t\t\t<span class=\"elementor-button-text\">Unirme ahora (Plan Mensual)<\/span>\n\t\t\t\t\t<\/span>\n\t\t\t\t\t<\/a>\n\t\t\t\t\t\t\t\t<\/div>\n\t\t\t\t\t<\/div>\n\t\t\t\t<\/div>\n\t\t<div class=\"elementor-element elementor-element-cde1efb e-flex e-con-boxed e-con e-child\" data-id=\"cde1efb\" data-element_type=\"container\" data-e-type=\"container\">\n\t\t\t\t\t<div class=\"e-con-inner\">\n\t\t\t\t<div class=\"elementor-element elementor-element-eefe5b5 elementor-position-left elementor-vertical-align-middle elementor-widget elementor-widget-image-box\" data-id=\"eefe5b5\" data-element_type=\"widget\" data-e-type=\"widget\" data-widget_type=\"image-box.default\">\n\t\t\t\t\t<div class=\"elementor-image-box-wrapper\"><figure class=\"elementor-image-box-img\"><img decoding=\"async\" width=\"1280\" height=\"882\" src=\"https:\/\/afoch.cl\/site\/wp-content\/uploads\/2025\/11\/gd4d9fc8bdb2b2bdec06c9f0eb621da891b7496ffa606e2a95e9d588d59bf4ba9f1efae9a1b5ca5023f2279c1ebe0d5c550d51c45203bb147e091ec647eedd0da_1280-3210282.jpg\" class=\"attachment-full size-full wp-image-1112\" alt=\"pentax, digital camera, camera, photo camera, lens, photo, technology, equipment, taking photos\" title=\"Planes y Membres\u00eda\" srcset=\"https:\/\/afoch.cl\/site\/wp-content\/uploads\/2025\/11\/gd4d9fc8bdb2b2bdec06c9f0eb621da891b7496ffa606e2a95e9d588d59bf4ba9f1efae9a1b5ca5023f2279c1ebe0d5c550d51c45203bb147e091ec647eedd0da_1280-3210282.jpg 1280w, https:\/\/afoch.cl\/site\/wp-content\/uploads\/2025\/11\/gd4d9fc8bdb2b2bdec06c9f0eb621da891b7496ffa606e2a95e9d588d59bf4ba9f1efae9a1b5ca5023f2279c1ebe0d5c550d51c45203bb147e091ec647eedd0da_1280-3210282-300x207.jpg 300w, https:\/\/afoch.cl\/site\/wp-content\/uploads\/2025\/11\/gd4d9fc8bdb2b2bdec06c9f0eb621da891b7496ffa606e2a95e9d588d59bf4ba9f1efae9a1b5ca5023f2279c1ebe0d5c550d51c45203bb147e091ec647eedd0da_1280-3210282-1024x706.jpg 1024w, https:\/\/afoch.cl\/site\/wp-content\/uploads\/2025\/11\/gd4d9fc8bdb2b2bdec06c9f0eb621da891b7496ffa606e2a95e9d588d59bf4ba9f1efae9a1b5ca5023f2279c1ebe0d5c550d51c45203bb147e091ec647eedd0da_1280-3210282-768x529.jpg 768w\" sizes=\"(max-width: 1280px) 100vw, 1280px\" \/><\/figure><div class=\"elementor-image-box-content\"><h6 class=\"elementor-image-box-title\">Socio Anual  $60.000 CLP \/ a\u00f1o<\/h6><\/div><\/div>\t\t\t\t<\/div>\n\t\t\t\t<div class=\"elementor-element elementor-element-c2b6e15 elementor-widget elementor-widget-text-editor\" data-id=\"c2b6e15\" data-element_type=\"widget\" data-e-type=\"widget\" data-widget_type=\"text-editor.default\">\n\t\t\t\t\t\t\t\t\t<ul><li>Acceso al Directorio Profesional<\/li><li>Acceso a Galer\u00eda de Clientes<\/li><li>Base de Conocimiento Completa<\/li><li>Comunidad Privada y Mentor\u00edas<\/li><li>Descuentos en Talleres<\/li><li>El mejor precio. Un solo pago al a\u00f1o.<\/li><\/ul>\t\t\t\t\t\t\t\t<\/div>\n\t\t\t\t<div class=\"elementor-element elementor-element-51b8e2e elementor-align-center elementor-widget elementor-widget-button\" data-id=\"51b8e2e\" data-element_type=\"widget\" data-e-type=\"widget\" data-widget_type=\"button.default\">\n\t\t\t\t\t\t\t\t\t\t<a class=\"elementor-button elementor-button-link elementor-size-sm\" href=\"https:\/\/afoch.cl\/socios\/\">\n\t\t\t\t\t\t<span class=\"elementor-button-content-wrapper\">\n\t\t\t\t\t\t\t\t\t<span class=\"elementor-button-text\">Unirme ahora (Plan Anual)<\/span>\n\t\t\t\t\t<\/span>\n\t\t\t\t\t<\/a>\n\t\t\t\t\t\t\t\t<\/div>\n\t\t\t\t\t<\/div>\n\t\t\t\t<\/div>\n\t\t\t\t\t<\/div>\n\t\t\t\t<\/div>\n\t\t<div class=\"elementor-element elementor-element-f0ce565 e-con-full e-flex e-con e-parent\" data-id=\"f0ce565\" data-element_type=\"container\" data-e-type=\"container\" data-settings=\"{&quot;background_background&quot;:&quot;classic&quot;}\">\n\t\t<div class=\"elementor-element elementor-element-c7b467b e-con-full e-flex e-con e-child\" data-id=\"c7b467b\" data-element_type=\"container\" data-e-type=\"container\" data-settings=\"{&quot;background_background&quot;:&quot;classic&quot;}\">\n\t\t\t\t<div class=\"elementor-element elementor-element-6c5dc4b elementor-widget elementor-widget-icon-box\" data-id=\"6c5dc4b\" data-element_type=\"widget\" data-e-type=\"widget\" data-widget_type=\"icon-box.default\">\n\t\t\t\t\t\t\t<div class=\"elementor-icon-box-wrapper\">\n\n\t\t\t\n\t\t\t\t\t\t<div class=\"elementor-icon-box-content\">\n\n\t\t\t\t\t\t\t\t\t<h3 class=\"elementor-icon-box-title\">\n\t\t\t\t\t\t<span  >\n\t\t\t\t\t\t\tPreguntas Frecuentes\t\t\t\t\t\t<\/span>\n\t\t\t\t\t<\/h3>\n\t\t\t\t\n\t\t\t\t\n\t\t\t<\/div>\n\t\t\t\n\t\t<\/div>\n\t\t\t\t\t\t<\/div>\n\t\t\t\t<\/div>\n\t\t\t\t<\/div>\n\t\t<div class=\"elementor-element elementor-element-6ef7e6e e-flex e-con-boxed e-con e-parent\" data-id=\"6ef7e6e\" data-element_type=\"container\" data-e-type=\"container\" data-settings=\"{&quot;background_background&quot;:&quot;classic&quot;}\">\n\t\t\t\t\t<div class=\"e-con-inner\">\n\t\t\t\t<div class=\"elementor-element elementor-element-ebbce24 elementor-widget elementor-widget-text-editor\" data-id=\"ebbce24\" data-element_type=\"widget\" data-e-type=\"widget\" data-widget_type=\"text-editor.default\">\n\t\t\t\t\t\t\t\t\t<blockquote><p><b>Pregunta 1: \u00bfC\u00f3mo funciona el pago?<\/b> <b>Respuesta:<\/b> Usamos Flow, una plataforma segura. Puedes pagar con tarjeta de cr\u00e9dito o d\u00e9bito. Tu plan se renovar\u00e1 autom\u00e1ticamente (mensual o anualmente) a menos que lo canceles.<\/p><p><b>Pregunta 2: \u00bfQu\u00e9 pasa si quiero cancelar?<\/b> <b>Respuesta:<\/b> Puedes cancelar tu suscripci\u00f3n en cualquier momento desde tu panel de usuario. Seguir\u00e1s teniendo acceso por el tiempo que ya pagaste (hasta fin de mes o fin de a\u00f1o).<\/p><p><b>Pregunta 3: Soy muy principiante, \u00bfme sirve esta membres\u00eda?<\/b> <b>Respuesta:<\/b> \u00a1Absolutamente! La Base de Conocimiento (fichas, gu\u00edas) est\u00e1 pensada para darte una ruta de estudio clara, y la comunidad te ayudar\u00e1 a resolver dudas que de otra forma te tomar\u00edan meses.<\/p><p><b>Pregunta 4: Ya soy profesional, \u00bfqu\u00e9 gano yo?<\/b> <b>Respuesta:<\/b> El Directorio y la Galer\u00eda de Clientes son tus herramientas directas para conseguir nuevos clientes. Adem\u00e1s, las plantillas de contrato, gu\u00edas de precios y las mentor\u00edas de negocio te ayudar\u00e1n a escalar tus ingresos y gestionar mejor tu tiempo.<\/p><\/blockquote>\t\t\t\t\t\t\t\t<\/div>\n\t\t\t\t\t<\/div>\n\t\t\t\t<\/div>\n\t\t\t\t<\/div>\n\t\t","protected":false},"excerpt":{"rendered":"<p>Planes y Membres\u00eda Todos nuestros planes te dan acceso COMPLETO a todos los beneficios: El Directorio Profesional, la Base de Conocimiento, la Comunidad privada y los descuentos en Formaci\u00f3n. Socio Mensual &#8211; $7.500 \/ mes Acceso al Directorio Profesional Acceso a Galer\u00eda de Clientes Base de Conocimiento Completa Comunidad Privada y Mentor\u00edas Descuentos en Talleres [&hellip;]<\/p>\n","protected":false},"author":1,"featured_media":0,"parent":0,"menu_order":0,"comment_status":"closed","ping_status":"closed","template":"elementor_theme","meta":{"pagelayer_contact_templates":[],"_pagelayer_content":"","_surecart_dashboard_logo_width":"180px","_surecart_dashboard_show_logo":true,"_surecart_dashboard_navigation_orders":true,"_surecart_dashboard_navigation_invoices":true,"_surecart_dashboard_navigation_subscriptions":true,"_surecart_dashboard_navigation_downloads":true,"_surecart_dashboard_navigation_billing":true,"_surecart_dashboard_navigation_account":true,"site-sidebar-layout":"no-sidebar","site-content-layout":"page-builder","ast-site-content-layout":"default","site-content-style":"default","site-sidebar-style":"default","ast-global-header-display":"","ast-banner-title-visibility":"","ast-main-header-display":"","ast-hfb-above-header-display":"","ast-hfb-below-header-display":"","ast-hfb-mobile-header-display":"","site-post-title":"disabled","ast-breadcrumbs-content":"disabled","ast-featured-img":"disabled","footer-sml-layout":"","ast-disable-related-posts":"","theme-transparent-header-meta":"enabled","adv-header-id-meta":"","stick-header-meta":"","header-above-stick-meta":"","header-main-stick-meta":"","header-below-stick-meta":"","astra-migrate-meta-layouts":"default","ast-page-background-enabled":"default","ast-page-background-meta":{"desktop":{"background-color":"","background-image":"","background-repeat":"repeat","background-position":"center center","background-size":"auto","background-attachment":"scroll","background-type":"","background-media":"","overlay-type":"","overlay-color":"","overlay-opacity":"","overlay-gradient":""},"tablet":{"background-color":"","background-image":"","background-repeat":"repeat","background-position":"center center","background-size":"auto","background-attachment":"scroll","background-type":"","background-media":"","overlay-type":"","overlay-color":"","overlay-opacity":"","overlay-gradient":""},"mobile":{"background-color":"","background-image":"","background-repeat":"repeat","background-position":"center center","background-size":"auto","background-attachment":"scroll","background-type":"","background-media":"","overlay-type":"","overlay-color":"","overlay-opacity":"","overlay-gradient":""}},"ast-content-background-meta":{"desktop":{"background-color":"var(--ast-global-color-5)","background-image":"","background-repeat":"repeat","background-position":"center center","background-size":"auto","background-attachment":"scroll","background-type":"","background-media":"","overlay-type":"","overlay-color":"","overlay-opacity":"","overlay-gradient":""},"tablet":{"background-color":"var(--ast-global-color-5)","background-image":"","background-repeat":"repeat","background-position":"center center","background-size":"auto","background-attachment":"scroll","background-type":"","background-media":"","overlay-type":"","overlay-color":"","overlay-opacity":"","overlay-gradient":""},"mobile":{"background-color":"var(--ast-global-color-5)","background-image":"","background-repeat":"repeat","background-position":"center center","background-size":"auto","background-attachment":"scroll","background-type":"","background-media":"","overlay-type":"","overlay-color":"","overlay-opacity":"","overlay-gradient":""}},"footnotes":""},"class_list":["post-770","page","type-page","status-publish","hentry"],"_links":{"self":[{"href":"https:\/\/afoch.cl\/site\/wp-json\/wp\/v2\/pages\/770","targetHints":{"allow":["GET"]}}],"collection":[{"href":"https:\/\/afoch.cl\/site\/wp-json\/wp\/v2\/pages"}],"about":[{"href":"https:\/\/afoch.cl\/site\/wp-json\/wp\/v2\/types\/page"}],"author":[{"embeddable":true,"href":"https:\/\/afoch.cl\/site\/wp-json\/wp\/v2\/users\/1"}],"replies":[{"embeddable":true,"href":"https:\/\/afoch.cl\/site\/wp-json\/wp\/v2\/comments?post=770"}],"version-history":[{"count":30,"href":"https:\/\/afoch.cl\/site\/wp-json\/wp\/v2\/pages\/770\/revisions"}],"predecessor-version":[{"id":1514,"href":"https:\/\/afoch.cl\/site\/wp-json\/wp\/v2\/pages\/770\/revisions\/1514"}],"wp:attachment":[{"href":"https:\/\/afoch.cl\/site\/wp-json\/wp\/v2\/media?parent=770"}],"curies":[{"name":"wp","href":"https:\/\/api.w.org\/{rel}","templated":true}]}}